
Suppose -5*n = -2*g - 3*n + 1496, -g = 4*n - 743. Suppose 3*x + 256 - g = 2*i, -5*i - 5 = 0. Is x prime?
True
Let a(m) = 101*m**2 + 4*m + 7. Let w be a(6). Let q = w - 2288. Is q a composite number?
True
Suppose 0 = 10*g - 193040 - 255770. Is g a composite number?
True
Let n = 3028 + -4381. Let l = -812 - n. Is l a composite number?
False
Suppose 50*v - 55*v = -12470. Suppose 3*o - 3*t = 3753, 4*t + v = 3*o - o. Is o a composite number?
True
Suppose 7*w - 4*k - 47 = 4*w, 3*k + 60 = 5*w. Suppose -w*y + 9176 = -y. Is y a composite number?
True
Let c(p) = -946*p + 1. Is c(-7) a composite number?
True
Let o(b) = b + 4. Let k be o(11). Is (2435/20)/(k/12 + -1) a prime number?
True
Let f = -2 + 4. Suppose -3*w = -f*w. Suppose w = 2*c - x - 1413, 4*c - 7*x = -3*x + 2824. Is c a composite number?
True
Suppose -10433 = 3*x - 36770. Is x a prime number?
True
Let d(l) = 1 - 8 + 2*l - 4*l. Let o be d(-6). Suppose -3*y = 5 + 7, -j + o*y = -79. Is j prime?
True
Suppose -3 = -p - 0. Is (2 + -3)*-1*(464 + p) composite?
False
Suppose 0*l - 4*l - 460 = 4*i, 0 = 5*i - 4*l + 539. Let z = i + 238. Is z a composite number?
False
Let v(h) = 127*h**2 - 5*h + 85. Is v(9) a composite number?
True
Suppose -35*p + 31*p + 5*f = -283117, 5*f = -3*p + 212364. Is p composite?
False
Is (5/((-5)/(-2)))/((-14)/(-69783)) composite?
True
Let q = 40552 + -15005. Is q a composite number?
True
Let k(w) = -2*w**2 - 10*w + 7. Suppose -12*h + 7*h - 25 = 0. Is k(h) a prime number?
True
Let g(a) = -a**3 + 7*a**2 - 7*a - 8. Let z be g(4). Suppose 5*f - 1281 = 2*r, -z*r = -4*f - 17*r + 1038. Is f prime?
True
Let f = 18 + -11. Let o(c) = 80*c**2 - 4*c + 4. Let k be o(f). Is (k/16)/(2/4) prime?
True
Suppose 508768 = 21*j - 340955. Is j prime?
False
Let z = -13 + 23. Let s = -58 + 139. Let p = s + z. Is p composite?
True
Let l = 69 + -70. Let a(g) = 842*g**2 - g. Is a(l) a prime number?
False
Let x = -613 + 1372. Suppose 0 = 5*n - 266 - x. Is n prime?
False
Let r = 156459 + -55422. Is r composite?
True
Let m(l) = l**3 - 7*l**2 + 8*l - 10. Suppose 4*d + x = 1, -x = 3*d + 2 - 3. Let f = 7 - d. Is m(f) composite?
True
Let i(o) = 3*o**2 + o**3 + 37 - o - 4*o**2 + 2*o**2. Let n = -54 - -54. Is i(n) a prime number?
True
Let y = 4 - -2. Suppose -9*w = -y*w - 231. Let c = w - -32. Is c composite?
False
Suppose -6*p = -2*p - 40. Let o(j) = -p*j - 4 - 5*j**2 + 2*j + 5*j**2 + 5*j**2. Is o(-5) prime?
False
Suppose 2*z = 3*z. Suppose 2*k + 74 - 336 = z. Is k a prime number?
True
Let y = 72 + -63. Let v(u) be the first derivative of 2*u**3/3 - 11*u**2/2 - 20*u - 1. Is v(y) a composite number?
False
Let b(o) = o**2 + 1. Let c(k) = -4*k + 7. Let a(i) = -3*b(i) + c(i). Let v be a(-5). Is (-11)/3*(0 + v) composite?
True
Let g(t) = 7*t + 4. Let p be g(-2). Let d be p/(2 - 16/4). Suppose -3*r = -116 + d. Is r prime?
True
Suppose q - 2*k - 1 = 4*q, 10 = -2*k. Suppose q*w = 2*w. Suppose w = 4*l - 8*l + 628. Is l a prime number?
True
Suppose 4*y + 266 = 2*h, -3*h = 4*y - 509 + 60. Is h prime?
False
Suppose -5*b + 70549 = -135946. Is b prime?
True
Suppose 519*f = 541*f - 99682. Is f a prime number?
False
Is (-92)/69*72591/(-4) composite?
False
Suppose 4*u + 3 - 52 = -5*b, -2*u - 3*b + 27 = 0. Let t = u + -6. Suppose -228 = -4*i - 2*o, t*i - 4*i + 220 = 4*o. Is i a prime number?
True
Let t be (56/(-84))/(0 + (-2)/(-3)). Let c(m) = 5667*m**2 - 3*m - 4. Is c(t) prime?
False
Suppose 3*y - 6*y = -2700. Let s = -101 - -462. Suppose -p = 2*z - s, 3*p - 8*p + y = 5*z. Is z a prime number?
True
Let z = -3394 + 10391. Is z a prime number?
True
Suppose 2*y = 45 - 13. Suppose 5*j + y = 791. Is j composite?
True
Suppose 0 = -2*z - h + 15, -h - 4*h - 24 = -z. Let x be z/(-15) - 2/5. Is (115/(-15))/(x/3) a composite number?
False
Let r(j) be the second derivative of -137*j**5/4 + j**4/12 + j**3/2 + j**2 - 6*j. Is r(-1) a prime number?
False
Let n(z) = -z**3 + 4*z**2 + 12*z + 2. Let q be 9 - (4 - (0 - -2)). Let s be n(q). Let j = s + 174. Is j composite?
False
Let h = -8 - -24. Let z = -13 + h. Suppose 3*b + 4162 = 5*p - 313, z*b = -4*p + 3580. Is p composite?
True
Let t = 703 - 496. Suppose 16344 = 9*q + t. Is q a prime number?
False
Let j be (-304232)/56 + (-4)/14. Let v = j - -11856. Suppose 7*q - v = 4490. Is q a prime number?
True
Suppose 3*t = 14 - 50. Suppose -4*z - 4*d = 32, 5*z - 4*z - 4*d - 17 = 0. Is z/1 + (-3264)/t a composite number?
False
Suppose -4*j = 1 - 1. Suppose j = a - 3*a + 9370. Is a a composite number?
True
Let n(c) = -464*c + 3. Is n(-6) prime?
False
Let y(p) = p**2 + 4*p + 20. Let x = -122 - -107. Is y(x) a composite number?
True
Let d(h) = 8*h + 7. Let g be d(3). Let p(v) = -1 - g*v**3 + 4*v**2 + 2 + v**2 - 4*v**2 - 2*v. Is p(-2) composite?
False
Suppose -2101 = 4*d - 5317. Suppose 5*s - d - 4776 = -3*l, l + 2*s = 1859. Is l a prime number?
False
Suppose t + 0 = -4. Suppose 0 = 6*c + 69 + 27. Is t/(-16) - 1356/c prime?
False
Let b be (8/12)/(3/36). Suppose -8166 = b*z - 14*z. Is z composite?
False
Is 15/((-420)/8) + 32442/14 a composite number?
True
Let r be -4 + (2 - 0) + 258. Suppose -4*q - 67 = -a - 5*q, -2*q = -4*a + r. Is a a prime number?
False
Suppose -787 = -8*o + 2*o - 5*v, 0 = -3*o + 3*v + 366. Is o a composite number?
False
Let w(s) = s**3 + 18*s**2 + 23*s + 22. Let u be w(-15). Let d = u - -229. Is d a composite number?
True
Let v = 3905 + -1956. Is v prime?
True
Suppose 10*r - 3798 = 13292. Is r a prime number?
True
Suppose -9*g + 4*g = -3*a, -4*a = 2*g + 26. Let i(j) be the first derivative of -5*j**2 - 4*j - 3. Is i(a) a prime number?
False
Suppose -61932 = -3*f - 49*f. Is f composite?
True
Let u be (-1)/(-2) + 69318/12. Suppose 3*x + u = 3*d - x, 5*x = -3*d + 5759. Is d prime?
False
Let d(p) = 4*p - 1 + 2 + 2 + 23*p**2. Let l(f) = f**2 + 3*f - 12. Let b be l(-5). Is d(b) a prime number?
False
Suppose 0 = -5*k + t + 7497, -2*t - 3004 = -2*k + t. Is k a composite number?
False
Let f(h) = 34*h**3 + 2*h**2 + 11*h + 17. Is f(6) a composite number?
False
Suppose 74*g - 69*g = 0. Suppose 5*s + 4 = 5*v + 14, 0 = 5*v - 20. Suppose g = 4*f + s*n - 2*n - 1336, -4*f + 1342 = -2*n. Is f prime?
False
Suppose k - 12 = 3*n, n - 3 = 4*k + 4. Is (-2*k/(-4))/(24/(-4720)) a prime number?
False
Let q = 34 - 29. Suppose 3*a - 2029 = -x - x, -x = -q*a + 3386. Is a composite?
False
Suppose -3*n + n = 0. Suppose -30 = -2*i - n*i. Is 5298/15 - 3/i a prime number?
True
Let r = 91 - -66. Is r a prime number?
True
Let k = 14900 + -5373. Is k a prime number?
False
Let d(j) = 16*j**2 - 5*j + 2. Suppose 3*r + r - 3*z = 24, 5*z + 32 = 4*r. Let f be (r - 0) + -2 + -6. Is d(f) composite?
True
Suppose 4*s - 9*s = 5*r - 3305, -4*s - 2628 = -4*r. Is r a composite number?
False
Let n = -3825 + 12488. Is n composite?
False
Let p(s) = 257*s + 834. Is p(29) a composite number?
False
Let h(v) = v + 12. Let p be h(-9). Let r(c) be the third derivative of c**5/6 - 5*c**4/24 + 2*c**3/3 - 3*c**2. Is r(p) a prime number?
True
Let z be 4 - (-9)/((-36)/16). Suppose z = -2*a + 119 + 39. Is a a prime number?
True
Suppose 16 = -54*s + 58*s. Let x(i) = 5*i + 3. Is x(s) composite?
False
Let g = -73 + 436. Let b = -152 + g. Is b prime?
True
Let k = 9 + -9. Suppose k*h = -2*h + 12. Is 4 - h - 39*-1 prime?
True
Let p(b) = b**3 - 12*b**2 + 3*b + 25. Is p(19) composite?
False
Suppose -c - 1 = -3. Suppose 3*h = 3*d - 1902, 3*h - 5 = -c*h. Is d a prime number?
False
Let z(u) = 3*u**3 - 23*u**2 - 33*u - 19. Is z(18) a prime number?
True
Let p = 13 - 23. Let j(f) = -178*f - 21. Is j(p) composite?
False
Let v(l) = l**3 + 5*l**2 + 4*l - 8. Let c be v(-4). Let n = c + 10. Suppose z = -0*z - 4*t + 633, 0 = -z - n*t + 631. Is z a composite number?
True
Let p = 383 - -119. Is p prime?
False
Let a = 4153 - -3468. Is a prime?
True
Is 16549 + (80/(-35) - 6/(-21)) prime?
True
Is (6950 + -3)/(4 + -3) a prime number?
True
Suppose 6*j - 16 = 2*j. Let y be 0/j + -3 + -27. Is -291*(3 + y/9) a prime number?
True
Let o = 133592 + -62431. Is o prime?
True
Let o be (372/15)/(3 - 28/10). Is ((-9)/(-6)*-2 - o)*-1 prime?
True
Suppose y = -14 + 3. Let v(a) = 10*a - 37. Let i(q) = -30*q + 110. Let n(w) = y*v(w) - 4*i(w). Is n(16) a prime number?
True
Suppose 3*b = 5*b + 5*p - 1223, -2*b + 2*p = -1202. Suppose 3*s - b = 587. Is s a composite number?
False
Suppose 5*s - 4